-1). Suppose -a - 5*y - 20 = 0, 5*a + 3 = 2*a + 4*y. Let h = r + a. List the prime factors of h.
3
Let u(t) = -t**2 + 4*t + 13. Let r be u(6). Let w = 6 + r. Suppose 0*k - w = -k. List the prime factors of k.
7
Let z = -9 - -16. Let u = 3 - z. What are the prime factors of u/(-18)*3*90?
2, 3, 5
Suppose 0 = 3*v - 5*y - 9185, -28*y = -5*v - 32*y + 15259. What are the prime factors of v?
5, 13, 47
Suppose 13*y - 8*y = 0. Let i be -2 - -53 - (y - 0). Suppose a - i = -0*a - 4*u, 5*a = 5*u + 255. List the prime factors of a.
3, 17
Suppose 2*z - 65 - 95 = 0. Let p = 163 - z. What are the prime factors of p?
83
Suppose -25 = 27*y - 32*y. Suppose 2*u + 2*q + 352 = 6*u, y*q = -3*u + 238. What are the prime factors of u?
2, 43
Let r(l) = -297*l - 11. List the prime factors of r(-2).
11, 53
Let k(i) = -16 - 4*i + 17 + 11*i**2 + 1 - 2*i**3 + 3*i**3. List the prime factors of k(-9).
2, 5
Let j(o) = -5*o - 4. Suppose -4*z + y = 4*y - 27, 5*z = -2*y + 39. Suppose 2*x = 1 - z. What are the prime factors of j(x)?
2
Suppose -26*f + 225 = -13997. List the prime factors of f.
547
Suppose -2*x = -2*u - 4, -4*x = -9*x + 2*u - 5. Let j(f) = f**3 + 2*f**2 + 3*f + 6. Let z be j(-2). What are the prime factors of 1 + (z - 9/x)?
2
What are the prime factors of (-2)/(-16)*3 + (-63183)/(-24)?
2633
Suppose 34*y = 2607 + 71309. What are the prime factors of y?
2, 1087
Let v = -652 - -2122. List the prime factors of v.
2, 3, 5, 7
Suppose 14 = 10*h - 3*h. Suppose 0*g = 5*r + 2*g - 1395, -h*r = -g - 549. List the prime factors of r.
277
What are the prime factors of (-1801)/(-1) + (-51 - -42)?
2, 7
Let m(g) = -168*g - 54. List the prime factors of m(-2).
2, 3, 47
Let a(v) = 2*v - 17. Let l be a(13). Suppose 3*y = -0*y. Let n = y + l. What are the prime factors of n?
3
Let l be 3/7 - 552/161. What are the prime factors of 170/4 - l/(-6)?
2, 3, 7
What are the prime factors of 3/(10/(30000/9))?
2, 5
Suppose 3568 = 4*d + 4*d. Let o = d - 306. List the prime factors of o.
2, 5, 7
Suppose -124 = -10*i + 6*i. Let s = 18 + i. Let j = s - 23. What are the prime factors of j?
2, 13
Suppose 70*f - 5100 = 65*f. What are the prime factors of f?
2, 3, 5, 17
Suppose -4*z - 20 = 0, m - 3*z = -4*z + 3. Suppose 7*t - m*t + 75 = 0. Let c = t + -52. What are the prime factors of c?
23
Suppose -2*n + 3*j = -24, 10*n = 5*n + 4*j + 53. What are the prime factors of n?
3
Let z(n) = 3*n**3 - 5*n**2 - 4*n + 65. Let y(d) = d**3 - 2*d**2 - 2*d + 32. Let s(i) = 5*y(i) - 2*z(i). Suppose -7*k + 5*k = 0. List the prime factors of s(k).
2, 3, 5
Suppose 6*v + 3*y = 2*v + 807, 5*v = -3*y + 1011. What are the prime factors of v?
2, 3, 17
Suppose 2*o = -5*l + 42 - 10, 4*l = 4*o - 36. Suppose 6*n + 460 = o*n. List the prime factors of n.
2, 23
Suppose -2*y - 292 = 2*y - 4*u, 4*y + 5*u = -310. Let a = y - -120. List the prime factors of a.
3, 5
Let l(o) = 5*o**2 + 5*o - 6. Let m be l(4). Let u = -26 + m. What are the prime factors of u?
2, 17
Let h(y) = 311*y + 303. List the prime factors of h(7).
2, 5, 31
Let q be 271 + -3 + 8/4. Suppose 7*k - 2*k = q. What are the prime factors of k?
2, 3
Suppose 21*s = 10119 + 51285. List the prime factors of s.
2, 17, 43
What are the prime factors of (-205075)/(-91) - 3/(-7)?
2, 7, 23
Let o(x) = 726*x + 348. List the prime factors of o(4).
2, 3, 271
Let j(n) = 3*n + 13. Let b(i) = 2*i + 13. Let d(y) = -3*b(y) + 4*j(y). What are the prime factors of d(3)?
31
Let l be (-220)/(-18) + 4/(-18). What are the prime factors of 92*1*((-9)/l - -1)?
23
Let s = 538 - 281. Let j = s + -178. List the prime factors of j.
79
Let r = 1004 + -524. List the prime factors of r.
2, 3, 5
Let o(s) = 62*s + 1. Let m be o(4). Let n = m - 141. Suppose -4*y + n = -0*y. List the prime factors of y.
3
Let n = -49 - -53. What are the prime factors of (-876)/(-8) + 2/n?
2, 5, 11
Suppose -u + 1 = 0, -2*a = u - 0*u - 2959. List the prime factors of a.
3, 17, 29
Suppose 0 = -15*s + 2137 + 593. What are the prime factors of s?
2, 7, 13
Let y be 12/(-5) - (-10)/25. Let x be y/(-9) + 556/9. Let n = 100 - x. List the prime factors of n.
2, 19
Let j(t) = -45*t - 108. What are the prime factors of j(-6)?
2, 3
Let c be (-1 + 2 + -21)*20/(-25). Suppose -13*g + c = -62. What are the prime factors of g?
2, 3
Let b(w) = -w**3 + 3*w + 164. Suppose f - 4*s = -2*s, 2*f = -3*s. List the prime factors of b(f).
2, 41
Suppose -2*f = -p - 4*f + 4304, 0 = -4*f - 20. What are the prime factors of p?
2, 3, 719
Let m = 2724 - -3166. List the prime factors of m.
2, 5, 19, 31
Let u = 129 + -34. List the prime factors of u.
5, 19
Let a(q) = q**3 - 2*q**2 - 2*q + 5. Let u be a(2). Let i = 30 + u. What are the prime factors of i?
31
Suppose -4*k + 0*k = 24. Let y(j) = j - 3. Let t(r) = 12*r - 12. Let l(c) = -t(c) + 6*y(c). List the prime factors of l(k).
2, 3, 5
Let o(i) = -2*i**3 + 44*i**2 - 16*i + 1. List the prime factors of o(21).
547
Suppose 2*a + z - 2221 = 0, 14*a = 13*a + 5*z + 1138. What are the prime factors of a?
3, 7, 53
Let o(d) = d**3 + 18*d**2 - 10*d + 24. Let u(r) = -r**3 - 18*r**2 + 9*r - 24. Let n(k) = -5*o(k) - 4*u(k). What are the prime factors of n(-19)?
71
Let v(t) = -t - 1. Let q be v(-4). Suppose 5*r - 15 = -3*p, q*p - r + 3 = -2*p. List the prime factors of (24 - -5)/(p + 1).
29
Suppose m = a - 7, -5 = -5*m - 5*a + 2*a. Let d(j) = -38*j - 6. List the prime factors of d(m).
2, 5, 7
Suppose 5*h - 582 = -h. Let s = h - 60. What are the prime factors of s?
37
Let u(h) = h - 1. Let i(a) = -18*a - 35. Let w(y) = i(y) - 6*u(y). List the prime factors of w(-6).
5, 23
Let k(d) = 4*d + 3. Let u be k(3). Let w = u + -12. Suppose 0 = -8*x + w*x + 120. What are the prime factors of x?
2, 3
Let t(d) = -d**3 + 6*d**2 + 4*d - 15. Let u be t(-7). Suppose -6*o + 0*o = -u. What are the prime factors of o?
3, 11
Let i(n) = n + 3*n + n**2 + 4 - 2 - n. Let l be i(-3). What are the prime factors of (-9)/(-6)*(l - -8)?
3, 5
Let k be 8 - 1 - (1 + 0). Suppose 192 = 3*f - 24. Suppose f = k*i - 2*i. What are the prime factors of i?
2, 3
Let l = -185 - -388. Suppose -4*c - 15 = -l. Let n = -27 + c. What are the prime factors of n?
2, 5
Let r = -1 - -1. List the prime factors of (0 - 9)*(r + -15).
3, 5
Let y(r) = 261*r - 14. List the prime factors of y(3).
769
Let j(a) = 3*a**3 - 4*a**2 - 7*a - 11. Let q(f) = f**3 + f**2. Let h(s) = j(s) - 2*q(s). List the prime factors of h(8).
61
Suppose 3*k = 0, 5*w + k - 15825 = 2*k. List the prime factors of w.
3, 5, 211
Let u(z) = z**2 - z**2 + 20*z + 25 + 2*z**2 - 5*z. What are the prime factors of u(-11)?
2, 3, 17
Let o = 12082 - 8188. List the prime factors of o.
2, 3, 11, 59
Suppose 257 + 1997 = 7*j. Suppose -2*q + 11 = -q. Suppose 0 = -q*r + 4*r + j. List the prime factors of r.
2, 23
Let x = -44 - -72. What are the prime factors of (-2 - 3)*x*(-4)/10?
2, 7
Let y(m) = m**2 + 5*m - 4. Let d be y(-6). Suppose d*c + 0*c = -2. List the prime factors of 21 + 4 + (-3 - c).
23
Suppose 4*z - 20 = 0, 2*z - 1 - 13 = -2*o. What are the prime factors of -5*(o/(-3))/(2/15)?
5
Suppose -5*b + 3*h + 1 = 13, -h = 5*b - 4. Suppose s + 5*i - 1 = b, 3*s + 5*i = s + 12. What are the prime factors of s?
11
Let f(t) = -59*t + 29. What are the prime factors of f(-5)?
2, 3
Suppose 0 = 6*y - 5*y + 2. Let m be 20/30 - y/(-3). List the prime factors of (-26 + m)*(-2)/4.
13
Let d = 24 + -40. Let x(p) = -5*p - 35. What are the prime factors of x(d)?
3, 5
Suppose 0 = -4*o + 5*q + 40, 5*o - q - 4 - 25 = 0. Suppose -214 = -o*y - 29. List the prime factors of y.
37
Let g = 157 - 4. Let k = -78 + g. List the prime factors of k.
3, 5
Let f = 367 - 261. Suppose 8*z = f + 110. List the prime factors of z.
3
Let z = 1729 - 750. What are the prime factors of z?
11, 89
Suppose 0 = x + 5*u - 3101, -3*x - 5*u - 4889 = -14222. List the prime factors of x.
2, 19, 41
Let l(b) = 31*b - 7. Let q be l(7). Let g = 432 - q. What are the prime factors of g?
2, 3, 37
Let o be 1/7 + (-20)/(-7). Let d = o + -36. What are the prime factors of (-1 - d)*(4 - 2)?
2
Let j(c) = 3*c - 13. Let d be j(7). Let p be (38/d)/(1/16). Suppose -2*g + 5*i = -0*g - p, -72 = -2*g + 3*i. What are the prime factors of g?
3, 11
Let v(l) = -12*l - 7. Let f(s) = s - 1. Let t(w) = 2*f(w) + v(w). What are the prime factors of t(-10)?
7, 13
Suppose -11436 = -25*z + 6189. List